 v be 1/3 - (-7)/(-3). What is the units digit of b(v)?
3
Let i = -9 + 8. Let c = 0 - i. Suppose -2*r + c + 5 = 0. What is the units digit of r?
3
Let o = 25 - 10. Let r = 27 - o. What is the units digit of r/3 - (-2 - 0)?
6
Let r(s) = 4*s**2 + 2*s + 3. Let z be r(-2). Let j be z/(-6) + 6/(-4). What is the units digit of (6/(-3) - j)*2?
4
Let s(c) = -c**3 + 4*c**2 + 8*c. Let h be s(6). Let m = -10 - h. What is the tens digit of m?
1
Suppose -3*i + 59 = -61. What is the units digit of i?
0
Let n = -5 + 9. Let m(b) = -b**3 + b**2 + 5*b - 1. Let w be m(n). Let z = w - -41. What is the units digit of z?
2
Let x(r) = r**3 - 19*r**2 - 15*r + 12. What is the hundreds digit of x(20)?
1
Suppose -4*p + 3 + 5 = 0. Let j(m) = 2*m + 2. What is the units digit of j(p)?
6
Suppose 199 = f + 4*f - 4*k, 3*k = 5*f - 198. What is the units digit of f?
9
What is the tens digit of 45*-1*(6 - 38/6)?
1
Let o = 69 - 31. What is the units digit of o?
8
Let h be -1 - -1*(2 + -1). Suppose h = -3*r + 18 - 0. What is the units digit of 43/5 + r/15?
9
Let r(i) = -i**3 + 5*i**2 + 8*i - 9. Suppose 7 - 19 = -2*w. What is the units digit of r(w)?
3
Let c(a) be the first derivative of a**2/2 - 3*a - 9. Let u = 13 - 8. What is the units digit of c(u)?
2
Suppose 412 = 4*v + 2*q, -v + 3*v + 2*q - 206 = 0. What is the units digit of v?
3
Suppose 4*o = 3*o + 30. What is the tens digit of o?
3
Let z = -7 - -2. Let r be (-3)/5 + (-8)/z. Suppose 4*v + 2*l = 0, -v - l - 2 = -r. What is the units digit of v?
1
Suppose 5*v + 47 - 196 = -4*q, 3*q - 153 = -5*v. What is the units digit of v?
3
Suppose -4*g = 5*x - g + 20, 2*g = -5*x - 15. Let v(n) = 3*n**2 - n - 1. Let p be v(x). Suppose -p*k - 2*k = -30. What is the units digit of k?
6
Suppose -7*i + 420 = -210. What is the tens digit of i?
9
Suppose -3*q = 4*v - 531, 4*v - 2*v = -4*q + 258. What is the hundreds digit of v?
1
Suppose 0 = 83*h - 77*h - 1464. What is the tens digit of h?
4
Suppose 2*l + 2*b - 14 = 0, 5*l = -2*b - 1 + 48. What is the units digit of l?
1
Let q(y) = 2*y**2 - 10*y + 9. Let o be q(6). Let l(i) = -i**3 - 5*i**2 - i + 4. Let z be l(-4). Let x = z + o. What is the tens digit of x?
1
Let g = -6 - -8. What is the units digit of 2/2 - (g - 6)?
5
Suppose 2*j - 104 = -3*k, -202 = -5*j - 3*k + 40. Suppose 0 = 3*w + 3, 5*a - j = 2*w + 6. What is the units digit of a?
0
Let k be 34*(2 + 1)/(-3). Let h = k + 51. Let i = h + -12. What is the units digit of i?
5
Suppose 3*u - o - 500 = 0, -4*u + 322 + 333 = o. What is the tens digit of u?
6
Suppose -9 = -3*s - 2*m + 42, -2*m = 0. What is the tens digit of s?
1
Let h = -24 + 33. What is the units digit of h?
9
Let t = 108 + 94. What is the units digit of t/18 + 20/(-90)?
1
Let b(o) = o**2 + 6*o - 1. What is the units digit of b(11)?
6
Let o(u) = -u + 1. Let p(l) = l**2 + 3*l - 7. Let s(w) = 3*o(w) - p(w). Let c be s(-7). Let y(v) = v + 2. What is the units digit of y(c)?
5
Let k be (1 + 12/(-9))*-6. Suppose 0*x - k*x + 14 = 0. Suppose 5*z = 4*z + x. What is the units digit of z?
7
Let d(i) = -61*i - 15. What is the hundreds digit of d(-2)?
1
Suppose -3*m - 19 = -4*m. What is the units digit of m?
9
Suppose 90 = 5*c - 40. What is the units digit of c?
6
Let t be 8 + 1 + 1 + -2. Suppose h = g + t, 5*h + 5*g - 70 = 4*g. What is the units digit of h?
3
Suppose 4*l = -c - 4, 0 = -5*c + 4*c + 4*l + 4. Let x = 2 + c. Suppose x*f + 21 + 5 = 4*q, -15 = 5*f. What is the units digit of q?
5
Let t(z) = z - 4. What is the units digit of t(12)?
8
Suppose r - 1 = -0*s + 2*s, 0 = 2*r + 5*s - 20. Suppose 0*h + 3*h - 48 = 0. Suppose -r*q + h = -19. What is the units digit of q?
7
Let c = 164 - 60. What is the hundreds digit of c?
1
Let b(g) = -g**3 + 9*g**2 + g - 7. Let t be b(9). Suppose 4*k - t*k = 20. What is the tens digit of k?
1
Suppose 30 = 2*u + 3*u. Suppose -2*d = 3*m - m - 14, -4*d + 23 = 3*m. Suppose 0*a + d*a = u. What is the units digit of a?
3
Suppose 0 = -12*w + 5*w + 2541. What is the hundreds digit of w?
3
What is the units digit of 36/10*-2*-5?
6
Let m(n) = 4*n + 3. Let y(d) = d + 1. Let s(c) = -m(c) + 6*y(c). Let b(i) = -i**3 + 2*i**2 + 4*i - 4. Let g be b(2). What is the tens digit of s(g)?
1
What is the units digit of 125/25 + (279 - 0)?
4
Let a be (20/6)/((-4)/(-6)). Suppose -5*r + g + 2 = 0, 0*r = 3*r - g. Let c = a + r. What is the units digit of c?
6
Suppose 3*r + 3*s - 8 = r, 0 = -2*r + 4*s + 8. Let m be (-5)/(-20) - (-15)/r. Suppose -l - 1 = -m*j + 2, 2*l + 3*j - 5 = 0. What is the units digit of l?
1
Let z = 10 - 4. Suppose 2 = -4*x + v + 5, -2*v + 12 = x. Suppose -x*f + z = -6. What is the units digit of f?
6
Let h(l) = -l**3 - 2*l**2 + 6*l - 11. What is the units digit of h(-6)?
7
Let j be 1/(-2 - 14/(-8)). Let c = -5 - j. What is the units digit of (c - -1) + 1 + 9?
0
Let m(y) = -y**3 - 7*y**2 - 7*y - 5. Let r be m(-6). Suppose 11 = -2*o + 5*j, r = -4*o - 2*j + 15. What is the units digit of o?
2
Suppose -66 = 3*w - 291. What is the units digit of w?
5
What is the tens digit of (2 - (-20)/(-9)) + (-436)/(-18)?
2
Let b(v) = -20*v - 4. Let l be b(5). What is the tens digit of (l/(-32))/(1/4)?
1
Suppose 0 = -5*b, 5*q - 70 = -b - 0*b. What is the tens digit of q?
1
Suppose k - 794 = -3*q, -q = -3*q + 4*k + 534. What is the units digit of q?
5
Suppose 0 = -5*z - 3*j - j + 143, 3*z - 3*j = 102. Suppose -z = -2*u - 2*a - a, a - 1 = 0. What is the units digit of u?
4
Suppose 3*r - 49 = -4*q + 89, 5*r + 2*q = 230. Suppose 2*g + 2*w = r, 4*w - 17 = -3*g + 57. What is the tens digit of g?
1
Let m be (-9)/(-1) - (-6)/(-2). Let c be -1 + 27/6*m. Let j = c - 11. What is the units digit of j?
5
Let y(p) = p**2 - 3*p - 11. Let v be y(8). Let g = -4 + v. What is the units digit of g?
5
Let u(w) = w**3 - 5*w**2 + 3*w + 1. Let i be u(5). Suppose -i + 88 = 3*x. What is the units digit of x?
4
Let g(k) = 3*k. What is the tens digit of g(4)?
1
Let m(r) = -2*r + 2. Let h be m(2). Let z = 14 - h. Suppose -3*t + 58 - z = 0. What is the tens digit of t?
1
Let k(s) = 2*s**3 - 8*s**2 + 8*s - 8. What is the units digit of k(5)?
2
Let n = -7 - -5. What is the units digit of 3 + n*(-1 - 0)?
5
Suppose 5*t - 150 - 50 = 0. What is the tens digit of t?
4
Let u be 2/(-8) + 114/8. Suppose 3*s = 2*s + 1, -5*d + u = -s. What is the units digit of d + 1/(-3)*0?
3
Let c = 16 - 10. What is the tens digit of 122/c + 1/(-3)?
2
Suppose r = 5*r, 4*i + 5*r - 8 = 0. Suppose -3*a + i*a = 0. Let x = 5 - a. What is the units digit of x?
5
Let n(o) = -72*o - 9. What is the tens digit of n(-1)?
6
Let o = 7 + 9. Let w = o - 11. What is the units digit of w?
5
Let c = -440 - -661. What is the hundreds digit of c?
2
Let c = 244 + -160. Suppose -28 = 3*r + 5*m - c, -4*r + 3*m = -65. What is the tens digit of r?
1
Suppose -3*g = -0*g, -q = 5*g - 3. Suppose 0 = -3*j + q*m, 5*m = 4*j - 0*m + 1. Let c = j + 10. What is the tens digit of c?
1
Let p be (-2)/(1/(-6)*-4). Suppose -l = -2*f + l + 6, -2*l = 3*f - 14. Let i = f + p. What is the units digit of i?
1
Suppose v + l - 59 = 0, 2*v - 3*l - 50 - 78 = 0. What is the units digit of v?
1
Let t(i) = 2*i**2 - 1. Let q(p) = p + 4. Let f be q(-3). Let b be t(f). What is the units digit of -7*b*(-30)/35?
6
Suppose -h = 172 + 108. What is the units digit of 2/(-9) + h/(-45)?
6
Suppose 35*b - 468 = 32*b. What is the tens digit of b?
5
Let a = -33 + 58. Let v = a - 1. What is the tens digit of v?
2
Suppose 5*p = 5*q + 185, -2*q + 0*q - 106 = -3*p. What is the tens digit of p?
3
Let n = 112 - 77. What is the tens digit of n?
3
Suppose -u - 2 = -7. Suppose -u*q + 6 = -4*q. Let z = 12 + q. What is the tens digit of z?
1
Suppose 0 = -5*c + c + 24. Suppose -c*i = -4*i. Suppose -3*g + 4*k = -g - 4, -5*g + 2*k + 34 = i. What is the units digit of g?
8
Suppose 3*q - 640 = -5*q. What is the units digit of q?
0
Let r(s) = -10*s - 5. What is the tens digit of r(-4)?
3
Let g be -1 - (-3)/(6/(-2)). Let y be g/2 - (7 + -3). Let w(z) = z**3 + 4*z**2 - 7*z - 3. What is the units digit of w(y)?
7
Suppose -2*d = -2*b - 18, -b - d = 3*b + 11. Let n be 1 + 1 - b/2. Suppose 0 = -4*g + n, -5*g = 3*k + 10 - 36. What is the units digit of k?
7
What is the units digit of ((-65)/2 + 1)*-2?
3
Suppose 5*p + 35 = h, -2*p = -4*h - 8 + 22. Let a(f) = -f + 7 - 4 + 2. What is the tens digit of a(p)?
1
Suppose 4*x